ime factors of a(n).
7
Suppose -4*a - 61 = -l, 3*a + 2*a - 268 = -3*l. List the prime factors of l.
3
Let u(m) = -m**3 - 2*m**2 + 3. Let p be -1*(2/2 + 2). What are the prime factors of u(p)?
2, 3
Let a = -61 - -41. Let z = a + 59. What are the prime factors of z?
3, 13
Let g = 134 - -17. What are the prime factors of g?
151
Suppose -13*g = t - 12*g - 261, 532 = 2*t - 3*g. What are the prime factors of t?
263
Let r(o) = o**3 - 3*o**2 - 1. Let u be r(2). Let t(m) = -m + 7. List the prime factors of t(u).
2, 3
Let t = -286 + 502. List the prime factors of t.
2, 3
Let y be ((-2 - -1)*4)/(-2). Suppose -2 + 22 = y*b. What are the prime factors of b?
2, 5
Let k = 4 + 0. Let v = 2 - k. List the prime factors of (-99)/(-6)*v/(-3).
11
Let r = 21 + -8. Suppose 5*n - 4*n = 5*x - 11, 4*x - r = 5*n. What are the prime factors of x?
2
Suppose 4*s = -s - 15, -2*l = -s + 5. Let t be 50/(-18) - l/(-18). What are the prime factors of -18*-1*t/(-6)?
3
Let r(d) = d + 8. Let q = -3 + 3. What are the prime factors of r(q)?
2
Let i(u) = 2*u - 5. Let p be i(6). Let n be 2/p + (-78)/(-21). Suppose n*d = -0*d + 60. What are the prime factors of d?
3, 5
Suppose 4*r + 24 + 24 = 0. List the prime factors of 218/12 - (-2)/r.
2, 3
Let t be ((-1)/(-2))/(3/18). Suppose -t*i = -7*i. Suppose i = -5*x - 5*f + 50, 5*x + 2*f - 9 = 32. What are the prime factors of x?
7
Suppose 5*a = 4*o - 49, -4*o + 4*a - 11 = -55. Suppose v - 19 = o. List the prime factors of v.
5
Suppose 0 = 4*a - 0*a - 12. Suppose -2*t + 26 = -2*u, -a*u + 8 = -u. Suppose -i = 2*m - t, -i = 2*i + 5*m - 47. What are the prime factors of i?
3
Let k(u) = -3*u + 5. What are the prime factors of k(-8)?
29
Suppose 3*v + 3 = -2*p + 4, 2*v = p - 4. Let i = v + 0. Let r(k) = -5*k**3 + 2*k + 1. What are the prime factors of r(i)?
2
What are the prime factors of ((-15)/(-5) - -4)*2/2?
7
Suppose 4*q - 4 = -3*h + 7*h, -2*q = 3*h + 13. List the prime factors of 9 + -1 + (q - -5).
11
Suppose -53*c + 50*c = -210. What are the prime factors of c?
2, 5, 7
Suppose -5*z - b = -2*b - 129, 62 = 2*z - 3*b. Let m = z + -14. What are the prime factors of m?
11
What are the prime factors of ((-48)/(-32))/((-1)/(-34))?
3, 17
Let a = 3 + 14. List the prime factors of (0 - 2) + (a - 1).
2, 7
Suppose 0 = -q - 4 + 9. Suppose -23 = -4*b + q. What are the prime factors of b?
7
Let d be (5 - 4)*(-18)/(-3). List the prime factors of ((-135)/d)/(3/(-4)).
2, 3, 5
Suppose 80 = -i + 5*i. Let v = 8 - i. What are the prime factors of (-8)/v - 46/(-3)?
2
Suppose 6*z - 3*b + 2121 = 11*z, -z = -5*b - 413. List the prime factors of z.
3, 47
Suppose 4*z = -o + 5*o + 36, -3 = -z. Let u(m) be the third derivative of m**4/24 + 4*m**3/3 + 2*m**2. What are the prime factors of u(o)?
2
Suppose 5*d - 16 = 24. Let p = -16 + d. What are the prime factors of ((-5)/10)/(2/p)?
2
Let d(x) be the first derivative of x**4/4 + 14*x + 1. What are the prime factors of d(0)?
2, 7
Let r(g) = -g**3 - 4*g**2 + 5*g + 2. Let u be r(-5). Let i be u/(-5) - (-12)/5. Suppose 0 = -5*j - d + 66 - 18, 26 = i*j - 3*d. List the prime factors of j.
2, 5
Let p(y) = -4*y + 21. List the prime factors of p(-8).
53
Suppose 2*o - 41 = o. Suppose -o = -4*m + s - 0*s, -4*s = m + 11. What are the prime factors of m?
3
Suppose -2*k - 25 = -135. Suppose -7*s + 2*s = 0. Suppose 5*c - y - k = 0, s*c = -c + 2*y + 20. List the prime factors of c.
2, 5
Suppose 3*t - 6*t + 2*c = 13, -9 = t - 3*c. Let s be 6/((-4)/(16/(-6))). List the prime factors of (-43)/t - s/12.
2, 7
List the prime factors of -1 + (0 - -109) - (6 - 4).
2, 53
Let z = -386 + 570. What are the prime factors of z?
2, 23
What are the prime factors of (-8)/12 - 71/(-3)?
23
Let j = -10 - -14. Let u(s) = s**2 - 4*s + 2. Let q be u(j). Let y = 3 + q. What are the prime factors of y?
5
Suppose 7*v - 3*v + 28 = 4*x, -x = 4*v - 2. What are the prime factors of x?
2, 3
Suppose 0 = -u + 3*k + k, 0 = -4*u + 4*k - 60. Let i = 44 + u. What are the prime factors of i?
2, 3
Suppose c + 2*x - 8 - 1 = 0, -15 = -5*c + 5*x. Suppose -c*d = a + 56, 2*d - 10 = 3*d - a. Let o = d + 15. What are the prime factors of o?
2
Suppose 0 = 2*u - 4. List the prime factors of ((-14)/2 + u)*-1.
5
What are the prime factors of -3*(-232)/12 - 4?
2, 3
Let n(w) = 5*w + 38. What are the prime factors of n(17)?
3, 41
Let o(r) = r**3 - r**2 + 39. List the prime factors of o(0).
3, 13
Let h(w) = 7*w**2 - 1. Let p be h(-1). List the prime factors of 6/(-9) + 16/p.
2
List the prime factors of 2*(-3)/6*-34.
2, 17
Let t be 4/3*(-75)/(-10). Suppose -4*i + t = -14. List the prime factors of i.
2, 3
Suppose -q + 5*z = 5, -5*q + 64 = -q + z. Suppose 5*k - 3*j - 21 = 6, 0 = 3*k - 3*j - q. What are the prime factors of k?
2, 3
Let p(i) be the second derivative of i**3/3 - 3*i**2 + 2*i. Let g = -9 + 18. List the prime factors of p(g).
2, 3
Let t(b) = b**2 - 8*b + 7. Let j be t(7). Suppose j = r - 0*r - 10. Suppose -5*v = 5*u - r, -5*u = -4*v - 4*u + 28. List the prime factors of v.
2, 3
Let z(v) = v**2 + 3*v - 3. Let n be z(-5). Suppose n = 3*a + 1. List the prime factors of a.
2
Let n = -2 - -4. Suppose 11 = 3*r + n*j - 46, 36 = 3*r - 5*j. List the prime factors of r.
17
Suppose -c + 5 = -h, 3*c + 3*h = -2*c + 9. Suppose -5*a - 22 = -c*v, v - 5*a = -4*a + 4. List the prime factors of (-36)/(-6) + (v - -2).
7
Suppose -2*d = -4*d - 2. Let x be (d + (-1)/(-2))*0. Suppose -h + 0*h + 10 = x. What are the prime factors of h?
2, 5
Let p be 0 + -2 - (-8 + 1). Suppose a + 2*i = -a + 26, p*a + 2*i = 80. Suppose -10 + 2 = -3*x + 4*z, -2*z - a = -5*x. What are the prime factors of x?
2
Let q = 40 - -28. List the prime factors of q.
2, 17
Let i = -4 + 5. Suppose i + 2 = c. Let v = 5 - c. List the prime factors of v.
2
Let d = -4 + 7. What are the prime factors of d + 0/(-4) - 0?
3
Let q = 59 - 50. List the prime factors of q.
3
Let p = 27 - -35. List the prime factors of p.
2, 31
Suppose 0 = m + 2*m - 102. Suppose 8 = 4*j, 3*x + 4*j - m = 2*j. List the prime factors of x.
2, 5
Let n be (16/6)/((-2)/(-3)). Let u(y) = y**2 + 3*y - 5. List the prime factors of u(n).
23
Suppose 0 = 5*x - 5*j - 20, 14 = -0*x + x + 4*j. Suppose -5*h + 46 = -f, 0*h - h + 4*f - x = 0. What are the prime factors of h?
2, 5
Let a = 129 + -45. List the prime factors of a.
2, 3, 7
List the prime factors of (-8)/(-44) - 394/(-11).
2, 3
Let i = -1 - -1. Let k(y) = 0 + 3*y**2 + y**2 - 3*y**2 + y**3 + 5. What are the prime factors of k(i)?
5
What are the prime factors of (-12)/(((-4)/(-2))/(-2))?
2, 3
Suppose 2*q - 18 = -4*j, -7*q + 2*q = -2*j + 15. Let g be 2 + q + 0 + 12. Let t = g + -8. What are the prime factors of t?
5
Suppose o = -4 + 14. What are the prime factors of o?
2, 5
Let i be (-10)/65 - (-152)/(-26). Let c(o) = o**2 + 4*o - 5. Let q be c(i). Suppose -2*v + 11 = -q. What are the prime factors of v?
3
Suppose 5*a = 23 + 87. What are the prime factors of a?
2, 11
What are the prime factors of 1086/15 - 0 - (-8)/(-20)?
2, 3
What are the prime factors of ((-225)/(-6))/(13/(-16) - -1)?
2, 5
Let h(g) = -2*g + 11. Let a be h(6). List the prime factors of a*(-50 + 3 - -1).
2, 23
Suppose -4*z = -4*u - 8, 8*u = -5*z + 3*u. Let v = -19 - -10. Let b = z - v. What are the prime factors of b?
2, 5
Let h(l) = -2*l**3 - 4*l**2 + l + 2. Let u(r) = 2*r + 3. Let q(g) = -3*g - 3. Let b(d) = -3*q(d) - 4*u(d). Let f be b(0). What are the prime factors of h(f)?
17
Let b = 13 - 3. Let k = 2 + b. What are the prime factors of k?
2, 3
Let u(d) = 5 + d**2 - d**2 - 3*d + d**2 + 0*d**2. What are the prime factors of u(4)?
3
Suppose 8 = -2*a + 2*h, 3*a + 5*h = 31 - 11. Let x(n) = n**3 - 3*n**2 - 4*n + 5. Let v be x(4). Suppose q + a*q - v = 0. List the prime factors of q.
5
Let d = -2 - -4. Suppose -3*c = 12, -d*k + 5*c + 68 = -8. List the prime factors of k.
2, 7
Let z = 3 + 0. Let f = z - 4. Let l = f - -8. What are the prime factors of l?
7
Suppose 0 = -r + 3*r + 5*i - 49, 3*i + 57 = 2*r. Let d be (-158)/(-6) - 1/3. Suppose -3*v + 28 = 2*q, 5*q - d = v + r. List the prime factors of q.
11
Let m(c) = -c**2 + 5*c + 8. Let o be m(6). Suppose -o*v - v + 39 = 0. What are the prime factors of v?
13
Suppose -3*n + 2*n - 13 = 0. Let d = n - -10. What are the prime factors of d/(-12) - 67/(-4)?
17
List the prime factors of 25/2*(-33)/15*-4.
2, 5, 11
Let